= -17*d(k) - 4*m(k). Calculate a(-5).
22
Let c(u) be the third derivative of -3*u**4/8 + u**3/6 + 2*u**2 + 22. Determine c(2).
-17
Let c(k) = 1 + 4 + 163*k + 170*k - 512*k - k**2 + 172*k. Calculate c(-8).
-3
Let i = 356 + -349. Let n(u) = -6*u - 8 + i + 0*u + 8 + u**2. What is n(7)?
14
Let m(z) be the first derivative of z**3/3 - 5*z**2/2 + 21*z - 6340. What is m(9)?
57
Let u(p) = -5*p**2 - 8*p - 5. Let m = 55 - 53. Let w(g) = 30*g - 7*g + 6*g**m + 7 - 15*g. Let i(c) = -7*u(c) - 6*w(c). Calculate i(5).
8
Let m(d) = 5*d**2 - 4*d + 3. Let z be -7 - (2 + 0/(-1)). Let s = -9 - z. Let j(n) = n**2 - 2*n + 2. Let p be j(s). What is m(p)?
15
Let f(b) be the second derivative of 10*b + 2*b**2 - 8 - 1/6*b**3. Determine f(3).
1
Suppose -3 = -2*j + 47. Suppose 2*c = -3*c + b + j, 25 = -5*b. Let m(k) = -k**3 + 5*k**2 - 5*k - 4. What is m(c)?
-8
Let l(c) = c**2 - c + 1. Let p(b) = -b**2 - 12*b - 25. Let x(d) = 5*l(d) + p(d). Let w be x(6). Let z = w - 23. Let k(y) = -10*y + 1. Determine k(z).
11
Let s(g) = 2*g**2 + 4*g. Let q be 26*((-3)/(-6) + -1). Let z(m) = m + 18. Let f be z(q). Let r(b) = -2*b + 7. Let n be r(f). Calculate s(n).
6
Let z = -4823 + 4823. Let f(v) = 21*v - 1. Calculate f(z).
-1
Let n(c) = c. Let q(z) = -2*z + 7. Let r(d) = -3*n(d) - q(d). Suppose -p = 5*t + 9, -3*p = -t - t - 24. Let l be (-4)/(p*(-4)/(-36)). Give r(l).
-1
Let z(o) be the first derivative of o**4/4 + o**3/3 - 3*o**2/2 - 3*o - 1. Suppose -677 + 434 + 1620 = -1503*q - 1629. Calculate z(q).
-1
Suppose -2*f - 6 = -s - 7, 0 = -2*s - 6. Let b(g) be the second derivative of 2*g**3/3 - 6*g. Calculate b(f).
-4
Suppose 4*i + 0*i - 8 = 0. Suppose -2*m = i*k + 8, -2 - 2 = -k + 3*m. Let b(s) = -6*s - 11*s - 3 - 11*s + s**2 - 5*s + 30*s. What is b(k)?
7
Let z(o) be the second derivative of o**5/20 - 2*o**4/3 + o**3/2 - 3*o**2 - 12*o - 56. Calculate z(7).
-34
Let g(h) = h**3 + 2*h**2 - 2*h - 2. Let u be (-26)/(-12) + (-13)/78. Let w be g(u). Let m be ((-2)/w)/(13/(-65)). Let o(j) = 6*j. Give o(m).
6
Let l = -162 - 119. Let c = 282 + l. Let b(t) = -32*t**3 - 2*t + 1. What is b(c)?
-33
Let y be (4 - 4) + (-1 - 1). Let f(n) = 10*n**3 + 157*n**2 + 45*n - 12. Let i(k) = -9*k**3 - 143*k**2 - 41*k + 11. Let z(c) = 10*f(c) + 11*i(c). Give z(y).
-17
Let h(o) = -o**3 - o**2 - 5*o - 1. Let i(d) = 244*d + 1704. Let k be i(-7). Calculate h(k).
67
Let i(w) = -18*w**3 + 10*w**2 + 14*w - 14. Let p(v) = 3*v**3 - v**2 - v + 1. Let k(s) = i(s) + 9*p(s). What is k(1)?
10
Let j(c) = -2*c**3 + c + 1. Let n(t) = 40*t**3 + 2*t**2 - 9*t - 4. Let f(x) = 6*j(x) + n(x). Calculate f(1).
29
Suppose 12*t + 45 = 81. Let i(k) be the first derivative of k**3 - k**2/2 - 4*k + 3. Give i(t).
20
Let y = -8 - -7. Let n(r) = -18*r**3 - 12*r**2 + 6*r - 12. Let q(l) = 11*l**3 + 7*l**2 - 4*l + 7. Let v(p) = -3*n(p) - 5*q(p). What is v(y)?
1
Let d(b) = 13 + 9*b + 43 + 27 - 10. What is d(-6)?
19
Let v(c) = -122*c - 6. Suppose -12*l - 13 = -15*l + 4*i, -5*l - 2*i = 13. Determine v(l).
116
Let o(f) = -14*f + 15. Let j be o(4). Let s = j + 39. Let a be (-5)/((6/s)/(-3)). Let c(v) = -v**2 - 6*v - 7. Give c(a).
-2
Let a(u) = 2*u**3 + 18*u**2 + 19*u + 27. Let o = 5346 - 5354. Give a(o).
3
Let w(u) = u + 2. Let m(r) = -1. Let f(n) = -3*n + 1. Let i be 1 - 0/(1 + -3). Let l(x) = i*f(x) + 6*m(x). Let c(q) = 4*l(q) + 11*w(q). Give c(0).
2
Let v(w) be the third derivative of w**6/120 + w**5/10 + 5*w**4/24 + 25*w**3/6 + 8632*w**2. Calculate v(-5).
25
Let m(q) = 11 + 3*q**2 + 2*q**2 - q**2 + 6*q - 3*q**2. Let l be m(-3). Let c(k) = -1 + 8*k - 1 - 3*k - k - k**2. What is c(l)?
2
Let l(y) = 12*y + 872 - 1701 + 586. Give l(21).
9
Let t(w) be the second derivative of w**5/20 + 5*w**4/3 - 22*w**3/3 - 7*w**2/2 + 113*w + 2. Determine t(-22).
-7
Let u be (-28)/(-6)*-1*(-48)/32. Let t(g) = 18 + g - 6 - 4 - u + 18*g**2. What is t(-1)?
18
Let r(o) = -3*o**2 - 82*o + 56. Let j be (14 + -4 - 0)*((-27)/15 + -1). What is r(j)?
0
Let x(n) = -n**2 + 10*n + 15. Let v(o) = -2*o**3 + 53*o**2 + 22*o + 135. Let f be v(27). What is x(f)?
15
Let y(v) be the first derivative of v**2/2 - 4*v - 5008. Let w = -3 + 0. What is y(w)?
-7
Let l(f) = f**2 + 8*f. Let u be l(-9). Let g(j) = -3 + 4 + u*j + 0. Suppose 5*o - 2 = -7, 4*b = -4*o. Calculate g(b).
10
Let h(r) = -9*r**2 - 9*r + 20. Let s(d) be the first derivative of -4*d**3/3 - 5*d**2/2 + 10*d + 97. Let o(t) = -3*h(t) + 7*s(t). Determine o(-9).
1
Let w(q) = q**2 + 14*q - 5. Let l(b) = -b**2 - 2*b. Let g = -61 - -63. Let j(h) = g*l(h) + w(h). What is j(8)?
11
Let w(r) = 38*r + 248. Let c(i) = -2*i + 10. Let y(p) = 3*c(p) - w(p). Determine y(-5).
2
Let u(m) = m - 7. Let w(x) = -17*x - 14. Let a be w(-2). Let n be a/12*(-72)/(-20). What is u(n)?
-1
Let g be (-1 + 12)*12/66. Suppose 0 = m - 2*j - 13, -15 + 1 = -g*m + j. Let z(d) = -8*d - m*d + 17*d. Calculate z(6).
24
Let r(b) = -26*b - 11. Let l(u) = 14*u + 5. Suppose p - 11 + 7 = 0, -p - 2 = -t. Let j(o) = t*r(o) + 11*l(o). Give j(0).
-11
Let s(p) be the second derivative of -1/12*p**4 + 0*p**3 + 0 + 13/20*p**5 + 0*p**2 + 2*p. Suppose 0 = -99*y + 1223*y + 1124. Determine s(y).
-14
Let s(p) = -2*p**2 + p**2 - 2657 - 17*p + 2642. Determine s(-13).
37
Let t(h) = -10 + 87*h - 43*h - 196*h**3 + 197*h**3 - 31*h - 10*h**2. What is t(7)?
-66
Let d(y) = -2*y**3 + y**2 - y + 40. Let z = 2169 - 2169. Determine d(z).
40
Let i(r) = -5*r - 8. Suppose m - 4*l + 486 = 0, m = -2*l - 458 - 4. Let b = m - -464. Calculate i(b).
22
Let s(i) = -i + 3. Suppose -122 = -f - 2*q - 7, 5*f = -4*q + 605. Suppose -40 = -5*z + f. Suppose -z = -7*p - 5. What is s(p)?
-1
Let j(f) be the third derivative of 0*f + 1/24*f**4 + 1 - 1/6*f**3 - 1/15*f**5 - 58*f**2. Give j(1).
-4
Let a(k) be the third derivative of 1/3*k**3 - k**2 + 0 - 1/30*k**6 + 17*k + 1/6*k**4 + 1/30*k**5. Give a(-2).
34
Let p(v) = v**2 + 16*v - 37. Let h be p(-18). Let t(s) = 12*s**2 + 1776 - 1776 - s. Give t(h).
13
Let r(i) = 2*i**2 + 2*i + 2. Let x(z) = -3*z**2 - 20*z. Let v be x(7). Let m = 284 + v. What is r(m)?
14
Let b(p) = p**3 + 8*p**2 + 5*p - 7. Let d be 10/15*(1 - (-51)/(-6)). Let i(m) = m**3 + 6*m**2. Let h be i(d). Let r = h - 32. Give b(r).
7
Let c(x) = 2*x - 1. Let j(a) = -a**2 - 3*a + 140. Let q be j(10). Suppose 3*z - d = -q - 10, 5*d - 9 = 2*z. Give c(z).
-15
Suppose -3*t + 15 = l, 2*t = -7*l + 2*l + 23. Let u = -206 - -216. Let w(m) = -m**2 - 75 + 74 - u*m + 2*m + 14*m. Determine w(l).
8
Let w(p) = p**3 - 8*p**2 + 7*p - 10. Let f = -321 - -324. Suppose 0 = 5*c + 2*q - 37, -q - 2 = -f*c + 18. What is w(c)?
-10
Suppose 2*a - 270 = 12*a. Let y = -21 - a. Let k(v) = v**3 - 7*v**2 + 6*v - 3. Determine k(y).
-3
Let a(k) = -k + 5. Let d be 3*(-1)/(-3) + -6 + 7. Suppose -6*f - d = 10. Let q be -1 - 0 - f*5. What is a(q)?
-4
Let z(s) = -6*s + 3. Let h(j) = -11*j + 5. Let r(q) = -4*h(q) + 7*z(q). Let w = 4230 + -4229. Calculate r(w).
3
Let c = 9283 - 9277. Let a(j) = j**3 - 8*j**2 + 11*j + 8. Calculate a(c).
2
Suppose f - 13*f + 765 = 33*f. Let b(r) = -r**2 + 20*r + 10. Give b(f).
61
Let v be ((-10)/75*12)/(54/135). Let x(u) = 4*u**2 + 3*u + 3. Give x(v).
55
Let m(a) = -5*a**2 + 7*a - 2. Let k be m(1). Let t = -7 + k. Let i(j) = j + 10. Give i(t).
3
Let f = -315 + 180. Let i = f + 141. Let g(j) be the second derivative of j**3/6 + j**2/2 + 14*j. Calculate g(i).
7
Suppose 0 = -6*o + 237 - 45. Let t(d) = 28*d + o*d - 1 - 7*d**3 - 58*d. Calculate t(1).
-6
Suppose -3*w - 4*r + 17 = 0, -26*w + 29*w = r + 7. Let j(c) be the second derivative of -c**4/4 - c**3/2 - 3*c**2/2 + c - 3. Determine j(w).
-39
Let x(w) = w**3 - 15*w**2 + 16*w - 26. Let o be x(14). Suppose 0 = -y - o + 7. Let z(v) = -4*v. Give z(y).
-20
Let g(v) = -v + 5. Let y = -56 - 65. Let k = y + 116. Give g(k).
10
Suppose -27 = -0*h - 3*h. Suppose -4*p + h*p = 5. Suppose 3*l + 12 = -3*r, -7*l + 2*l + 2*r + p = 0. Let v(x) = -5*x - 1. Calculate v(l).
4
Let n(t) = -7*t**3 - t**2 - 21*t + 3. Let w(k) = 8*k**3 + k**2 + 27*k - 4. Let g(a) = 4*n(a) + 3*w(a). Give g(-3).
108
Let c(a) = -49*a + 70. Let s(v) = 16*v - 20. Let q(r) = -2*c(r) - 7*s(r). Determine q(2).
-28
Let r(v) = 2*v**3 - 1 + 2*v**2 - 2 + 3*v - 7*v**2 - v**3. Suppose 6*m - 289 = -0*m - 271. Calculate r(m).
-12
Suppose i = 3*o - 14, 0 = 2*o - 2*i + 4*i - 20. Let t(u) be the second derivative of 4*u**2 + 263*u + 0